*o. What is the tens digit of o?
7
Suppose -m + 188 = 3*m. Let w = m - 16. What is the tens digit of w?
3
Let r = 4 + -4. Let i be (3 + 0 + r)*1. Suppose -n = i*n - 36. What is the units digit of n?
9
Let k = 10 - -9. What is the units digit of k?
9
Let w(q) = -54*q - 24. What is the tens digit of w(-4)?
9
Let d(p) be the third derivative of 31*p**6/120 + p**4/24 - p**3/6 - 9*p**2. What is the units digit of d(1)?
1
Let a(z) = 2*z**2 + 7*z + 12. What is the tens digit of a(-8)?
8
Suppose -2*c = -28 - 70. What is the units digit of c?
9
Suppose -s = -4*m - 34, 2*s - 52 = -3*m - 6. What is the tens digit of s?
2
Let s(g) be the first derivative of 5*g + 3 + 3*g**2 - 1/3*g**3. What is the tens digit of s(5)?
1
Suppose -2*c - 2*c = -5*y - 43, 49 = 4*c + y. What is the tens digit of c?
1
Let y = 2 - -9. Let u = y + -6. Let x = u + 4. What is the units digit of x?
9
Let s(i) = -i**2 + 6*i + 4. Let d be s(6). Suppose 1 = d*r - 3. What is the units digit of (0 - r)/((-2)/14)?
7
Let z = -10 - 35. What is the tens digit of (40/6)/((-10)/z)?
3
Let j(b) = 8*b + 4. Let n(m) = 7*m + 3. Let w(o) = -6*j(o) + 7*n(o). Let g be w(6). Suppose -5*v + 46 = -4*y, g*v - 16 = v + y. What is the units digit of v?
6
Let k(u) = u**3 + 4*u**2 - 3*u. Let n be k(-5). Let a = n + 15. What is the units digit of a?
5
What is the units digit of ((-4)/(-8))/((-2)/(-576))?
4
Let x(k) = 11*k + 5. Let f be x(4). Suppose 4*o = 3*v - f, -v - 11 = 5*o - 2. What is the tens digit of v?
1
Let c(n) = 2*n + 0*n - 3*n. Let m be c(-7). What is the tens digit of ((-12)/(-7))/(1/m)?
1
Suppose 2*w + 436 = 3*h, 0*h - 3*h = 3*w - 456. What is the tens digit of h?
4
Suppose -2*v - 2*v = -12, -3*m - 4*v - 15 = 0. Let s be (-6)/m + 25/3. Suppose -a = -5*u + s, -4*u - 4*a + 6*a = -6. What is the units digit of u?
2
Let p = 9 - -17. What is the tens digit of p?
2
Let x(v) = 2*v**2 + 4*v + 17. What is the tens digit of x(-8)?
1
Let p(q) = -q - 22. Let z be p(0). Let j = 13 - z. Suppose -3*w + j = -25. What is the units digit of w?
0
Let z be (-7 - 1/(-1))*-1. Let c(h) = -4 - 3*h + h + 3*h. What is the units digit of c(z)?
2
Let t(m) = 27*m**2 + 2*m - 1. Let g be t(1). Suppose o = -5*x + 35, 2*o + 4*x - g = 24. Suppose -6*j + o = -2*j. What is the units digit of j?
5
Let a(d) = -d**3 - 6*d**2 + 6*d - 4. Let v be a(-7). Suppose -6*p + 78 = -v*p. What is the tens digit of p?
2
Let p(o) = 2*o - 1. Let x be p(3). Let v(b) = 2*b + 5. Let j(y) = y + 3. Let u(s) = x*v(s) - 8*j(s). What is the units digit of u(5)?
1
Let x be (6/5)/(18/60). Let z = x + 8. What is the units digit of z?
2
Suppose -5*t + 3*s = 136, -5*t - 4*s + 5*s = 132. What is the tens digit of (t/4)/(3/(-12))?
2
Let t be 5 + -2 - (-2 + 2). Let o be ((-3)/(-3))/(3 - 2). Suppose -2*z = o - t. What is the units digit of z?
1
Suppose 0 = -3*m - m. Suppose -2*i - 6 + 34 = m. What is the tens digit of i?
1
Suppose -363 = -3*r - 0*q + 3*q, 5*r - 585 = q. What is the hundreds digit of r?
1
Let c(l) = 412*l**2 + 4*l - 4. What is the units digit of c(1)?
2
Suppose b = -b + 5*h - 41, -74 = 3*b - 5*h. Let c = -5 - b. What is the tens digit of c?
2
Let r(n) = -7*n + 2. Suppose -2*i + 2*h = -2, 4*i - 2 + 3 = 3*h. Let x(w) = -20*w + 6. Let b(v) = i*x(v) + 11*r(v). What is the units digit of b(3)?
7
Let a be -46*2/4 - 1. Let w = -9 - a. What is the tens digit of w?
1
Let z(h) = h**3 - 10*h**2 + 5*h + 3. What is the hundreds digit of z(11)?
1
Let r = 30 - 18. What is the tens digit of r?
1
What is the units digit of 504/14 - (-1 - 0)?
7
Let n(b) = b**2 + 2*b - 7. Let v be n(6). Suppose -v + 9 = -4*m. What is the units digit of m?
8
Let a(t) = t**3 + 7*t**2 - 8*t + 5. Let i be a(-8). Suppose 148 = i*y - y. Suppose -5*m + y = -p, -4*m = -3*p + 8 - 42. What is the units digit of m?
7
Let z(j) be the second derivative of -j**5/20 - 7*j**4/12 + 2*j**2 + j. Let r be z(-7). Suppose -15 + 3 = -r*g, w = 5*g. What is the units digit of w?
5
Let g = 3 + -1. Suppose -v = -7 - g. What is the units digit of (-2)/3*v/(-2)?
3
Suppose -3*w - 5*m = -m - 21, -3*m = -3*w. Suppose 2*t - 5 - w = 0. What is the units digit of t?
4
Let d(y) = -y**2 - 10*y - 9. Let m be d(-7). What is the units digit of m/((-3)/6 - -2)?
8
Let u = -7 - 0. Suppose -p = -5*p - 16. What is the units digit of (-2)/(-8)*u*p?
7
What is the tens digit of 1/4 - 179*5/(-20)?
4
Let l(j) = -10*j - 2. What is the tens digit of l(-4)?
3
Let b(h) = -h**3 + 7*h**2 - 7*h + 7. Let d be -10*(-3)/6 - -1. What is the units digit of b(d)?
1
Let y(w) = w**2 + 3*w**2 + 0*w**2 - w**2 - 1. What is the units digit of y(1)?
2
Let k = 3 - 2. Let f be k/(-1 - (-11)/12). Let r = f + 28. What is the tens digit of r?
1
Let f(n) = -3*n**3 + 2*n**3 + 0 - n - 3. Let w be f(0). Let b = w - -5. What is the units digit of b?
2
Suppose -6 = -3*g, -2 = -0*q + q - 2*g. Suppose 2*j - q - 44 = -4*l, l = j - 35. What is the units digit of j?
1
Let l be 3/15 + (-48)/(-10). Suppose -4*b - b + 5*s = -15, l*s = 4*b - 12. What is the units digit of b?
3
Let f be 4/(-3)*(1 + -4). Suppose 63 = f*r - 2*a - a, 0 = r - 2*a - 12. What is the tens digit of r?
1
Let r(y) = y**3 + 7*y**2 - 8*y - 3. What is the units digit of r(-7)?
3
Suppose 3*r - 9 = -5*x + 11, r = -x + 4. Suppose r = 3*d + 2 - 17. Suppose -v = -d*v + g + 3, g = v. What is the units digit of v?
1
Let t = -16 + 39. What is the tens digit of t?
2
Suppose -12 = 4*a + 24. Let w be 2/3 - 30/a. What is the units digit of (0 - (w - 3))*-1?
1
Let v = -4 + 6. Suppose 0 = t - 12 - v. What is the units digit of t?
4
Suppose 0*p + 35 = -5*p. Let x(s) = 9 - 6*s - 44*s**2 - 39*s**2 - s**3 + 75*s**2. What is the units digit of x(p)?
2
Let s(i) = -i**3 - 9*i**2 - 11*i - 6. What is the units digit of s(-9)?
3
Suppose -3*v = -v - 4. Suppose -v*m - 3 = 1. What is the units digit of ((-14)/(-3))/(m/(-3))?
7
Let p(t) = -t**3 - t**2 + 16. Let w be p(0). Let i = -13 + w. What is the units digit of i?
3
Let m(j) = -2*j - 2. Let w be 0 + 0 - (-2 + 4). Let d be m(w). What is the units digit of 24/14 - d/(-7)?
2
Let v = 9 - 9. Suppose 80 = 3*m + 2*m + 2*i, v = -4*i + 20. What is the units digit of m?
4
Suppose 0 = -5*q + 2*q + 4*w + 156, 0 = 4*q + 3*w - 183. Suppose -j + q = 3*r, -j - 80 = -5*r + 2*j. What is the units digit of r?
6
Suppose 0 = -8*f + 3*f + 125. What is the tens digit of f?
2
Let l(r) = -r**3 - 14*r**2 - 16*r - 12. Suppose 52 = 7*h - 11*h. What is the tens digit of l(h)?
2
Suppose 8 + 2 = -5*h, 0 = 4*n - h - 50. What is the units digit of n?
2
What is the units digit of (-36)/(-42)*(-28)/(-6)?
4
Suppose -5*u + 20 = -t, -4*t + 23 = -5*t + 4*u. What is the units digit of 1/(-5) + (-77)/t?
2
Let t = 9 - 3. What is the tens digit of 9/(-3)*(-92)/t?
4
Let q = -16 + 23. Suppose -2*z + q = -3*l, 4*l = -6*z + 2*z + 44. What is the units digit of z?
8
What is the units digit of -6*(0 + -4)/2?
2
Suppose -3*b + 36 = b. Let z(a) = -2*a**2 + 3*a + 1. Let s be z(3). Let g = s + b. What is the units digit of g?
1
Suppose 3*g - 84 - 78 = 0. Let t = g + -22. Suppose -4*o + 16 = -t. What is the tens digit of o?
1
Let k(c) be the third derivative of -c**5/60 + 7*c**4/24 + 5*c**3/3 - 5*c**2. What is the tens digit of k(7)?
1
Let h(a) = -23*a**2 + 5. Let d(s) = 12*s**2 - 3. Let p(x) = -7*d(x) - 4*h(x). Suppose 1 = i - 2*i. What is the units digit of p(i)?
9
Let u(y) = -y**2 + 9*y - 10. Let m be (-3 - -4)*2 + 3. What is the units digit of u(m)?
0
Let j(v) = v**2 + 4*v + 10. What is the units digit of j(-8)?
2
Let n be (-6)/(-4) - (-10)/4. Let x = n + 5. What is the units digit of x?
9
Let t(l) = 22*l**2 + 5. Let r(o) = o**2 - 1. Let j(w) = 5*r(w) + t(w). What is the units digit of j(1)?
7
Let b = 17 - 15. Suppose -2*w - 2*w = -b*a - 90, -2*w + 40 = 4*a. What is the units digit of w?
2
Let s = -1 + 2. Let w(m) = -4*m - 4*m + s + 2*m. What is the units digit of w(-1)?
7
Let c = -46 - -55. What is the units digit of c?
9
What is the tens digit of (-26)/(-12) - 2 - (-1414)/12?
1
Let a be 50/(-18) - (-8)/(-36). What is the units digit of (a - -1)/(2/(-35))?
5
Let z(t) = -3*t**2 - t + 7. Let b(x) = 4*x**2 + 2*x - 11. Let m(j) = -5*b(j) - 7*z(j). Let f be m(7). What is the tens digit of ((-4)/2)/((-4)/f)?
1
Suppose -2*b - 3*b + 140 = 0. What is the tens digit of b?
2
Suppose 254 = 2*n + 4*s, 5*s - 378 = -2*n - n. What is the